 = 0, -w - f + 18 = 2*w. Calculate the highest common factor of w and 28.
7
Let u(l) = -l**2 - 6*l - 11. Let y be u(-6). Let i be 2 + 1 - (y - 168). What is the greatest common divisor of i and 26?
26
Let x be ((-291)/(-6) - -3) + 2/(-4). Let o be (-18)/4*(-80)/(-12). Let n = o + x. What is the greatest common divisor of n and 147?
21
Suppose 0 = 4*r + 16, 3*u + 32 = -5*r + 30. Suppose -75 = -4*t + 21. Calculate the greatest common factor of t and u.
6
Let r(s) = 14*s + 12. Suppose -5*i = -28 - 12. Let m be r(i). Calculate the greatest common divisor of 31 and m.
31
Let o be 87 - (9 + 4/(-1)). Suppose 285 = 7*x + o. Suppose 2*v + 36 - 326 = 0. What is the greatest common divisor of v and x?
29
Suppose 3*h - 4*h + 134 = -4*n, -4*h - 3*n = -517. What is the greatest common divisor of h and 78?
26
Suppose -450 = -20*h + 5*h. Let p(z) = 5*z + 1. Let n be p(1). What is the greatest common factor of h and n?
6
Let f(p) = p**2 + 14*p + 13. Let w(z) = z - 10. Let o be w(-4). Let q be f(o). What is the highest common divisor of 104 and q?
13
Let l(u) = -u**3 - u**2 + 4*u - 1. Let n be l(2). Let d = n - -25. Calculate the highest common factor of 4 and d.
4
Let t be 1*2*306/(-4). Let b = t + 318. Suppose -3*o - 34 = -5*o + 2*s, -o = -5*s - 25. What is the highest common divisor of b and o?
15
Let d be (45/(-12))/((-59)/28 - -2). Calculate the highest common divisor of 28 and d.
7
Let k(j) = -j**3 - 16*j**2 + 47*j + 2. Let p be k(-19). What is the highest common factor of p and 144?
48
Let p = 33 + -20. Let v be 3/(-12) + p/4. Suppose 0 = -0*k - 2*k + 6. What is the greatest common divisor of v and k?
3
Suppose 828 = 4*q + 4*h, -q + 5*q - 826 = -3*h. Calculate the greatest common factor of 41 and q.
41
Suppose 2*n + 3*c - 62 = 0, 3*n + 5*c - 24 = 2*n. Let l be 20/30 + n/3. What is the highest common factor of l and 30?
6
Let a be (-8)/16*12/(-3). Suppose -r - 302 = -6*r + a*v, -3*r - v + 190 = 0. Calculate the highest common divisor of r and 31.
31
Let u(s) = 2*s + 8 - 3 - s. Let h be u(6). Calculate the highest common factor of h and 99.
11
Let b = -26 + 26. Suppose 3*a - a - 3*z - 27 = 0, b = 3*z - 9. What is the highest common factor of a and 27?
9
Suppose 2*o + 758 = 4*u + 3*o, 4*o - 182 = -u. What is the highest common factor of u and 10?
10
Suppose a = 5*u + 5, -128 = -5*a - u - 51. Calculate the highest common factor of a and 18.
3
Suppose 92 = 2*i - 5*v, 5*v = 3*i + 3*v - 116. Let k be 4/(-18) + 116/i + 3. Calculate the highest common factor of k and 54.
6
Suppose 5*n - 58 = 3*i, -5*n + 3*n + 43 = -3*i. Let d be (i + 12)/(1/25). Calculate the greatest common divisor of 5 and d.
5
Suppose -18*x + 20*x - 1948 = -2*f, -5*x + 4860 = 3*f. What is the highest common factor of x and 57?
57
Let p be 32 + -14 - 2/2. Let r(y) = 11*y**2 + 5*y - 3. Let w be r(-4). Calculate the greatest common factor of w and p.
17
Suppose 3*o = 4*x + 11, o + 4*x + 9 = 2. Let f(k) = -9*k + 25. Let h be f(2). What is the highest common divisor of h and o?
1
Suppose -228 - 258 = -3*h. Let f = -10 + h. What is the greatest common divisor of f and 19?
19
Suppose 2*p - 13 = 23. Let f be (-394)/((-1 - -3) + -4). Let m be 2 + (f - (-3)/(-3)). Calculate the greatest common divisor of m and p.
18
Let v = -17 + -7. Let f = v - -43. Calculate the greatest common factor of f and 76.
19
Let s = -127 + 216. Let w = -55 + s. Calculate the highest common divisor of w and 306.
34
Suppose 15*j = -0*j + 105. Calculate the highest common factor of j and 14.
7
Let c be (((-63)/14)/(-3))/(3/(-32)). Let g(a) = -a**2 - 16*a + 3. Let j be g(c). Calculate the greatest common factor of j and 12.
3
Let s(b) = -b**2 + 8*b - 39. Let r(v) = v**2 - 9*v + 38. Let f(p) = -6*r(p) - 5*s(p). Let q be f(9). What is the greatest common factor of q and 8?
4
Let k = -81 + 123. Calculate the greatest common divisor of k and 6.
6
Suppose -3*u + 194 = 2*u + 4*p, -3*p = u - 41. Let d be (-24)/42*((-1064)/16 - 0). What is the highest common factor of d and u?
38
Let o = 1 - 1. Suppose 123 = 12*l - 9. Suppose o = r - l. What is the greatest common factor of 99 and r?
11
Suppose 2*n = -2*t + 62, -3*t = 2*t - 3*n - 171. Let w be (-9)/3 - 4 - -18. What is the greatest common divisor of t and w?
11
Let q(p) = -2*p + 4*p**2 - 7 + 8*p + 3. Let j be q(-3). Calculate the greatest common divisor of 70 and j.
14
Let m be ((-222)/21)/(((-24)/(-14))/(-12)). Calculate the greatest common factor of m and 222.
74
Let d(p) = -2*p**2 - 2*p. Let j be d(2). Let v = -7 - j. Calculate the greatest common factor of 25 and v.
5
Let v be ((-187)/(-11) - 2) + 5. Calculate the highest common factor of v and 20.
20
Suppose s - 29 = 2*o - 0*o, 4*s - 106 = 3*o. Suppose 5*t - 4*t = -4*v + 702, 0 = -3*v + t + 523. What is the highest common divisor of s and v?
25
Suppose 4*q - 2*v - 89 - 7 = 0, -5*v = 10. What is the greatest common divisor of q and 989?
23
Let f be (-1*5 + 1)/((-7)/14). Let c be (9/(-6) + 3)/(6/f). Let u = -8 - -11. What is the greatest common divisor of c and u?
1
Let s be 40/18*144/32. What is the greatest common factor of s and 160?
10
Let s = 27 - -9. Suppose 9*b + 1853 - 4769 = 0. What is the highest common factor of b and s?
36
Let v(q) be the second derivative of 31/6*q**3 - 6*q + 0 + 3*q**2. Let h be v(3). Calculate the highest common divisor of h and 11.
11
Suppose -5*q + 4*o + 262 = 0, 5*q - 52 = -4*o + 186. Let b = q - 22. Calculate the highest common divisor of b and 7.
7
Let m be 12/10*(-15)/6. Let r be (-1)/m - 96/(-36). Let n = r - 1. Calculate the highest common factor of n and 18.
2
Suppose 2*c - 64 = -2*x, 13*c - 16*c - 2*x = -99. Calculate the greatest common factor of c and 7.
7
Let g(v) = -v**2 + 4*v - 2. Let q be g(6). Let c be (29 - 3/(-3)) + -1. Let n = c + q. Calculate the highest common divisor of 165 and n.
15
Suppose u - 33 = -5*d, -20*u + 27 = 2*d - 15*u. Calculate the highest common divisor of d and 96.
6
Let b be -3 + 216/6 - -4. Calculate the highest common factor of 111 and b.
37
Let b(m) = m**2 + 2*m + 2. Let g be b(-4). Suppose 0 = p + 6 - g. Let j = -25 - -53. Calculate the greatest common factor of j and p.
4
Let f be 66/((-3)/(-2) + 0). Calculate the greatest common divisor of 44 and f.
44
Let h = -16 + 23. Suppose 3*o - 10 - 11 = 0. What is the highest common factor of h and o?
7
Let s(t) = -t**3 + 3*t + 13*t + 0*t + 6 + 12*t**2. Let k be s(12). Calculate the greatest common factor of 22 and k.
22
Let n = 18 + -18. Suppose n = 5*a - 72 - 28. Calculate the greatest common divisor of a and 30.
10
Suppose 168 + 48 = 4*x. Let h = 54 - 54. Suppose -p + 10 = 4*j, -j + h*j + 1 = 0. What is the highest common factor of x and p?
6
Suppose -2*k - i + 603 = 0, -4*k + 5*i - 922 = -7*k. What is the highest common factor of 69 and k?
23
Let l(o) = -12*o + 32. Let a be l(-4). What is the highest common divisor of a and 10?
10
Suppose 6*i + 4 = 10*i. Let t be 3 + 12/(-24)*i*-2. What is the greatest common divisor of 44 and t?
4
Let s be 1*(-18)/4*-2. Let z = -771 + 816. Calculate the highest common factor of s and z.
9
Suppose -6*y - 2*m = -3*y - 23, 4*y + 3*m - 32 = 0. Let u(t) = -2*t**3 + 11*t**2 + 4*t + 5. Let s be u(y). What is the highest common factor of 25 and s?
25
Let c(n) = 12*n - 52. Let r be c(6). Calculate the greatest common factor of 32 and r.
4
Suppose -v + 63 = -52. Let m = 12313 - 12308. Calculate the greatest common divisor of m and v.
5
Let f(v) = v**3 - 9*v**2 - 7*v - 11. Let m be f(11). Suppose 656 = 5*z - m. Calculate the highest common divisor of z and 18.
18
Suppose -180 = -39*y + 30*y. What is the greatest common divisor of 40 and y?
20
Suppose -3*x - 5*k + 267 = -2*x, -x = -3*k - 299. Calculate the highest common factor of x and 41.
41
Let h = -27 - -7. Let z = 152 + h. Suppose -105 = -5*a - q, -5*a + 90 = 12*q - 8*q. Calculate the greatest common divisor of a and z.
22
Let b(c) = 3 - 5*c + 0*c - c**2 + 12*c - 2*c. Let x be b(5). Suppose 6 + 10 = x*d - 2*o, 3*d = -5*o + 23. What is the highest common factor of d and 24?
6
Let t = 816 - 480. Calculate the highest common divisor of t and 21.
21
Let o(s) = 6*s**2 + 31*s - 55. Let w be o(-9). What is the greatest common divisor of w and 19?
19
Let r = 6 + -7. Let l be (21 - r)/((-1)/(-1)). Let v = -13 + 15. What is the highest common